{"id":14,"date":"2014-05-21T16:30:37","date_gmt":"2014-05-21T16:30:37","guid":{"rendered":"https:\/\/gsara.tv\/~causes\/?page_id=14"},"modified":"2018-12-20T11:43:17","modified_gmt":"2018-12-20T11:43:17","slug":"lequipe","status":"publish","type":"page","link":"https:\/\/www.causestoujours.be\/lequipe\/","title":{"rendered":"L&rsquo;\u00e9quipe"},"content":{"rendered":"<p>Secr\u00e9taire de r\u00e9daction : Aur\u00e9lie Ghalim<\/p>\n<p>\u00c9diteur responsable : Renaud Bellen &#8211; GSARA asbl. 26, rue du Marteau 1210 Bruxelles.<\/p>\n<h3>COLOPHON<\/h3>\n<p>Collaboration r\u00e9dactionnelle : Guillaume Abgrall, Thibault Coeckelberghs, Fran\u00e7ois Xavier Destors, Lynn Dewitte, Kirsten Fiedler, Bernard Fostier, Aur\u00e9lie Ghalim, Marta Kucza, Yvan Leiva, Maureen Vanden Berghe, Julie Van der Kar<\/p>\n<p>Graphisme : Cl\u00e9ment Hostein<\/p>\n<h3><\/h3>\n<p style=\"float: right; width: 48%;\">\n","protected":false},"excerpt":{"rendered":"<p>Secr\u00e9taire de r\u00e9daction : Aur\u00e9lie Ghalim \u00c9diteur responsable : Renaud Bellen &#8211; GSARA asbl. 26, rue du Marteau 1210 Bruxelles. COLOPHON Collaboration r\u00e9dactionnelle : Guillaume Abgrall, Thibault Coeckelberghs, Fran\u00e7ois Xavier Destors, Lynn Dewitte, Kirsten Fiedler, Bernard Fostier, Aur\u00e9lie Ghalim, Marta<\/p>\n","protected":false},"author":3,"featured_media":0,"parent":0,"menu_order":0,"comment_status":"open","ping_status":"open","template":"","meta":{"footnotes":""},"class_list":["post-14","page","type-page","status-publish","hentry"],"_links":{"self":[{"href":"https:\/\/www.causestoujours.be\/wp-json\/wp\/v2\/pages\/14","targetHints":{"allow":["GET"]}}],"collection":[{"href":"https:\/\/www.causestoujours.be\/wp-json\/wp\/v2\/pages"}],"about":[{"href":"https:\/\/www.causestoujours.be\/wp-json\/wp\/v2\/types\/page"}],"author":[{"embeddable":true,"href":"https:\/\/www.causestoujours.be\/wp-json\/wp\/v2\/users\/3"}],"replies":[{"embeddable":true,"href":"https:\/\/www.causestoujours.be\/wp-json\/wp\/v2\/comments?post=14"}],"version-history":[{"count":29,"href":"https:\/\/www.causestoujours.be\/wp-json\/wp\/v2\/pages\/14\/revisions"}],"predecessor-version":[{"id":3125,"href":"https:\/\/www.causestoujours.be\/wp-json\/wp\/v2\/pages\/14\/revisions\/3125"}],"wp:attachment":[{"href":"https:\/\/www.causestoujours.be\/wp-json\/wp\/v2\/media?parent=14"}],"curies":[{"name":"wp","href":"https:\/\/api.w.org\/{rel}","templated":true}]}}

L&rsquo;équipe

<p>Secrétaire de rédaction : Aurélie Ghalim</p>
<p>Éditeur responsable : Renaud Bellen &#8211; GSARA asbl. 26, rue du Marteau 1210 Bruxelles.</p>
<h3>COLOPHON</h3>
<p>Collaboration rédactionnelle : Guillaume Abgrall, Thibault Coeckelberghs, François Xavier Destors, Lynn Dewitte, Kirsten Fiedler, Bernard Fostier, Aurélie Ghalim, Marta Kucza, Yvan Leiva, Maureen Vanden Berghe, Julie Van der Kar</p>
<p>Graphisme : Clément Hostein</p>
<h3></h3>
<p style="float: right; width: 48%;">

<p>Secrétaire de rédaction : Aurélie Ghalim Éditeur responsable : Renaud Bellen &#8211; GSARA asbl. 26, rue du Marteau 1210 Bruxelles. COLOPHON Collaboration rédactionnelle : Guillaume Abgrall, Thibault Coeckelberghs, François Xavier Destors, Lynn Dewitte, Kirsten Fiedler, Bernard Fostier, Aurélie Ghalim, Marta</p>
